815. List the prime factors of g.
5791
Suppose w + 4*h - 4559 = 0, 0 = -4*w - 92*h + 87*h + 18302. List the prime factors of w.
4583
Suppose 12775 = a + 5*o - 10805, -4*a = -5*o - 94220. What are the prime factors of 4/(-22) - (a/(-110) - 1)?
5, 43
Let y = 15 + -13. Suppose 166 = 4*d - y*d. Let g = d - 14. List the prime factors of g.
3, 23
Suppose 0 = -a + 3239 + 1924. List the prime factors of a.
3, 1721
Let a(g) = -4*g**3 + 79*g**2 + 16*g + 107. List the prime factors of a(20).
3
Let a = 6 - -4. Let m be 21/(-4)*312/(-117). Let p = m - a. What are the prime factors of p?
2
Let o = 456 - -4834. List the prime factors of o.
2, 5, 23
Let p(k) = 85*k**2 - 10*k - 42. List the prime factors of p(-8).
2, 3, 11, 83
Let i be 11 + (92 - (33 - 16)). Suppose -2*s = -v + 6*v - 14, -v + 10 = 4*s. Let m = i + s. What are the prime factors of m?
2, 11
Let p(z) be the first derivative of z**4/4 - z**3/3 - 2*z**2 + 4*z - 1. Let m(v) = -13*v + 213. Let h be m(16). List the prime factors of p(h).
2, 3, 7
Let i be 2 + (-4 + 1 - (-3)/3). Suppose 2*u - u = 5*h + 24, i = 4*u + 4*h - 120. Let y = u - -19. What are the prime factors of y?
2, 3
Suppose -4*k = 4*x + 140616 - 512052, 3*k - 464289 = -5*x. What are the prime factors of x?
2, 3, 53, 73
Let f = 75807 + -33618. What are the prime factors of f?
3, 7, 41
Let z = -14366 + 44600. List the prime factors of z.
2, 3, 5039
Suppose 4*h - 3*d + 17 = 0, 4*h - 11*d + 25 = -16*d. List the prime factors of (289 - -45) + (1 - h).
2, 5, 17
Let t = 21 + -25. List the prime factors of t/(-1 - -9)*-26.
13
Let i(n) = -n**2 + 21*n - 43. Let m be i(17). Suppose -10 + m = -5*q. What are the prime factors of q/((-24)/730) + 3/4?
2, 23
Let f(k) = 7358*k**3 + 17*k**2 - 16*k + 1. What are the prime factors of f(1)?
2, 5, 23
Suppose 3*z - 10*z + 287 = 0. Let m = z + 13. List the prime factors of m.
2, 3
Suppose 2*u - 6 + 2 = 0, -u = 3*c - 99272. What are the prime factors of c?
2, 3, 5, 1103
Suppose -10 = 2*g - 4*g. Suppose -3*m - 4*a = -10, -5*a + 16 = g*m - 9. Let z = 35 + m. List the prime factors of z.
3, 5
Let c(r) = 1115*r**2 + 24*r - 174. What are the prime factors of c(7)?
54629
Let t(s) = -s + 4. Let r be t(4). Suppose 57*f + 24*f - 12*f - 690 = 0. Suppose r = f*z - 4*z - 60. What are the prime factors of z?
2, 5
Let w be 1704 - (2 + (8/(-1))/4). Let b = -811 + w. List the prime factors of b.
19, 47
Let s = 48204 - 18608. What are the prime factors of s?
2, 7, 151
Suppose 4*d - 271 - 641 = 0. Let c be 1 + -20*604/(-16). Suppose 4*a - c = -d. List the prime factors of a.
2, 3, 11
Suppose 0 = 14*f - 61087 - 2949. What are the prime factors of ((-29)/(-6) - 5) + f/12?
3, 127
Let o(k) be the third derivative of 179*k**5/10 + k**4/12 + k**3/6 + 104*k**2. List the prime factors of o(-1).
29, 37
Suppose r + 2*f - 49 = -129, 2*f + 350 = -4*r. Let q(z) = -18*z - 15. Let g be q(8). Let m = r - g. What are the prime factors of m?
3, 23
Let q(x) = -4321*x - 5665. List the prime factors of q(-9).
2, 4153
Suppose 1328642 = -595*k + 6988806 + 7263831. What are the prime factors of k?
7, 29, 107
Let q = 8950 + -5120. Suppose 0 = -163*y + 158*y + q. What are the prime factors of y?
2, 383
Suppose 35*k - 34*k = -5*h + 46233, -h - 2*k = -9252. What are the prime factors of h?
2, 3, 23, 67
Suppose 1195*q - 2*c = 1194*q + 5935, -4*q + c + 23754 = 0. What are the prime factors of q?
5939
Suppose 76*x - 2341955 + 134843 - 1441496 = 0. What are the prime factors of x?
2, 17, 353
Suppose 3*w + 0*w + 6 = 0. Let t(v) = 3*v + 4. Let a(s) = -51*s + 9. Let x(r) = a(r) - 2*t(r). List the prime factors of x(w).
5, 23
Let s(r) = 24*r**2 - 6*r - 13. Let u be s(-5). Let n = u + -396. What are the prime factors of n?
13, 17
Let p(n) = -2*n**2 + 3*n - 30. Let s be p(24). Let a = s + 1832. Suppose 0 = -5*k + 2*d + a, 0 = -d + 2*d - 4. List the prime factors of k.
2, 73
Let i(o) = -o**2 - 24*o - 19. Let l be i(-23). Suppose -l*v - 5*j + 1945 = v, 0 = 5*v - 2*j - 1938. Suppose t + t = v. List the prime factors of t.
2, 97
Suppose -4*i = -4*r - 592, 2*i - 4*r - 114 = 182. List the prime factors of i.
2, 37
Let k = -169 - -180. List the prime factors of (-7122)/(-33) + 3 + 2/k.
3, 73
Let t = -27319 + 40223. List the prime factors of t.
2, 1613
Let c(r) = -2*r**2 + 25*r - 83. Let j be c(20). Let l = j - -1095. List the prime factors of l.
2, 89
Suppose 0 = -3*h - 3*k - 9 + 21, -5*h + 29 = -4*k. Suppose -h*p + 19 = 4*s, 0 = 3*p + 2*p + 5. Let t(a) = a - 4. List the prime factors of t(s).
2
Let o be 478/12 + (3/18)/1. Suppose -4*k = -5*k, -4*j = -4*k - o. What are the prime factors of 158*4/j*5/4?
79
Let m = -3526 - -3869. What are the prime factors of m?
7
Let g = -7906 + 13266. What are the prime factors of g?
2, 5, 67
Suppose -5*n - 5 = 0, 3*n = 5*r - 582 - 1046. Let i = 520 - r. What are the prime factors of i?
3, 5, 13
Let x be (1 - 28/(-6)) + 22/(-33). Let j(p) = 2*p - 8. Let y be j(x). Suppose 5*l + 0 + 5 = -v, y = -v - 4*l. What are the prime factors of v?
2, 5
What are the prime factors of (1066626/(-90))/(6*(-5)/150)?
11, 5387
Suppose 0 = -5*l - 4*a - 3, 9 = -3*l - a + 3. Let p(h) = -4*h**3 - h**2 - 6*h - 5. Let q be p(l). Suppose -5*m + q + 138 = 0. What are the prime factors of m?
2, 5
Let b = 156989 + -235262. List the prime factors of b/(-135) - (-2)/10.
2, 5, 29
Let b = 1135 - 780. Suppose -5*t - d + 2442 - 563 = 0, -t + 5*d + b = 0. What are the prime factors of t?
3, 5
Let k(x) = 40*x**2 + 35*x + 216. List the prime factors of k(-5).
3, 347
Suppose -26*q - 1415142 - 743013 = -225*q. What are the prime factors of q?
3, 5, 241
Suppose -5*i + 643 = 48. Let p be (i - 2/2) + (-9)/3. Suppose 0 = 3*z - p + 28. What are the prime factors of z?
29
Let v = 7015 - 3735. Suppose 0 = -0*l + 16*l - v. What are the prime factors of l?
5, 41
Suppose -102*j = 4*o - 105*j - 328993, -j + 82250 = o. What are the prime factors of o?
233, 353
Let k be (1*5/(-1) - -2)*-265. Let p = k + -375. What are the prime factors of p?
2, 3, 5, 7
Let o = -7 - -12. Suppose 4*f = 4*b - f - 1034, -b + 266 = -o*f. Suppose -2*c + b = -0*c. List the prime factors of c.
2
Suppose -51*z = -53*z - b + 38684, -38654 = -2*z + 4*b. List the prime factors of z.
83, 233
Let f = -451 - -751. Suppose 931*k = 985*k + 4266. Let p = f + k. List the prime factors of p.
13, 17
Let g(u) = -u**3 + 10*u**2 + u - 13. Let k be -2 + -1 + 4 - (-2 - 1). Suppose 3*h + 3 - 15 = 3*n, k*h - n - 25 = 0. What are the prime factors of g(h)?
3, 47
Let h = -49 + 47. Let q(a) = -2*a + 5. Let j be q(h). Suppose -5*t + j = 3*y - 160, -2*t - 260 = -4*y. What are the prime factors of y?
3, 7
Let c = -913 - -915. Suppose -477 + 3869 = c*l. What are the prime factors of l?
2, 53
Let c(q) = -q**3 + q**2 - 3*q + 3. Let j(g) = 3*g**3 - g**2 + 5*g - 5. Let z(a) = 5*c(a) + 2*j(a). What are the prime factors of z(10)?
5, 251
Suppose -4*u - 5*l + 20382 = -18510, 29134 = 3*u - 5*l. List the prime factors of u.
2, 43, 113
Let z(b) = -12 - 7 + 18*b + 3. Let w be z(-8). Let c = -111 - w. List the prime factors of c.
7
Let o(n) = n**2 + 45*n. Let w be o(-40). Let t = 280 - w. What are the prime factors of t?
2, 3, 5
Suppose -46*j - 2395 = -51*j. Suppose -a + j = -m, -6 = -2*m - 4. What are the prime factors of a?
2, 3, 5
What are the prime factors of (-168 + 171)/((-3)/(-7321))?
7321
Let f(n) = 36*n + 134. Let l be f(6). Let g = l + -334. List the prime factors of g.
2
Let k = -5564 + 6326. What are the prime factors of k?
2, 3, 127
Suppose 0 = 3*i + 8*j - 3*j - 16, -5*i + 5*j = 0. Suppose 0 = -o - i*o + 14049. List the prime factors of (-1)/3 + o/63.
2, 37
Let j = 1122 + 810. What are the prime factors of j?
2, 3, 7, 23
Suppose 16*f - 38135 - 4457 = 0. What are the prime factors of f?
2, 11
Let y(j) = -10*j**3 + 2*j**2 + 3*j + 5. Suppose 0 = -h - 13*h - 28. Let p be y(h). List the prime factors of (p/5)/(2/(-40)*-4).
3, 29
Suppose 0 = 135*g - 33*g - 3190968. List the prime factors of g.
2, 3, 11, 79
Suppose 6*s - 15*s + 7*s + 31608 = 0. What are the prime factors of s?
2, 3, 439
Let p = 52377 + -19621. List the prime factors of p.
2, 19, 431
Let w(t) = -3*t**3 - 10*t**2 - 13*t - 285. What are the prime factors of w(-14)?
31, 199
Suppose 251*j - 254*j - 93666 = -2*k, 2*j = k - 46837. List the prime factors of k.
3, 15607
Suppose -12*g + 7